6
What is the thousands digit of 3165?
3
What is the tens digit of 6488?
8
What is the thousands digit of 8064?
8
What is the thousands digit of 11053?
1
What is the thousands digit of 2127?
2
What is the thousands digit of 38359?
8
What is the ten thousands digit of 23779?
2
What is the units digit of 5494?
4
What is the units digit of 821?
1
What is the tens digit of 5218?
1
What is the tens digit of 60814?
1
What is the units digit of 7413?
3
What is the tens digit of 8123?
2
What is the units digit of 972?
2
What is the hundreds digit of 10109?
1
What is the hundreds digit of 37123?
1
What is the hundreds digit of 1010?
0
What is the thousands digit of 2539?
2
What is the units digit of 26375?
5
What is the tens digit of 9402?
0
What is the hundreds digit of 1376?
3
What is the tens digit of 3988?
8
What is the hundreds digit of 727?
7
What is the units digit of 2507?
7
What is the tens digit of 1763?
6
What is the ten thousands digit of 14396?
1
What is the hundreds digit of 12231?
2
What is the thousands digit of 69639?
9
What is the hundreds digit of 563?
5
What is the thousands digit of 5180?
5
What is the hundreds digit of 12725?
7
What is the ten thousands digit of 32908?
3
What is the thousands digit of 3913?
3
What is the hundreds digit of 3351?
3
What is the hundreds digit of 311?
3
What is the thousands digit of 2408?
2
What is the units digit of 270?
0
What is the hundreds digit of 2689?
6
What is the tens digit of 5840?
4
What is the tens digit of 1730?
3
What is the tens digit of 569?
6
What is the hundreds digit of 5805?
8
What is the thousands digit of 12201?
2
What is the hundreds digit of 655?
6
What is the tens digit of 1771?
7
What is the hundreds digit of 844?
8
What is the hundred thousands digit of 145942?
1
What is the thousands digit of 66221?
6
What is the ten thousands digit of 13749?
1
What is the tens digit of 3521?
2
What is the hundreds digit of 1441?
4
What is the units digit of 24896?
6
What is the hundreds digit of 2812?
8
What is the thousands digit of 25330?
5
What is the hundreds digit of 15365?
3
What is the units digit of 2265?
5
What is the hundreds digit of 1482?
4
What is the tens digit of 20918?
1
What is the thousands digit of 4344?
4
What is the hundreds digit of 852?
8
What is the units digit of 1730?
0
What is the units digit of 57045?
5
What is the thousands digit of 13497?
3
What is the units digit of 5639?
9
What is the units digit of 1093?
3
What is the units digit of 1368?
8
What is the ten thousands digit of 48255?
4
What is the tens digit of 11613?
1
What is the thousands digit of 25222?
5
What is the hundreds digit of 890?
8
What is the units digit of 1901?
1
What is the tens digit of 25336?
3
What is the hundreds digit of 18703?
7
What is the units digit of 44325?
5
What is the hundreds digit of 5216?
2
What is the thousands digit of 43452?
3
What is the ten thousands digit of 85529?
8
What is the hundreds digit of 2978?
9
What is the ten thousands digit of 74937?
7
What is the thousands digit of 7898?
7
What is the thousands digit of 19524?
9
What is the hundreds digit of 2281?
2
What is the units digit of 2003?
3
What is the hundreds digit of 4486?
4
What is the tens digit of 11?
1
What is the thousands digit of 10547?
0
What is the hundreds digit of 1277?
2
What is the thousands digit of 174468?
4
What is the thousands digit of 29282?
9
What is the hundreds digit of 8040?
0
What is the ten thousands digit of 131329?
3
What is the hundreds digit of 7091?
0
What is the tens digit of 9421?
2
What is the thousands digit of 4893?
4
What is the hundreds digit of 1368?
3
What is the tens digit of 6165?
6
What is the units digit of 11542?
2
What is the units digit of 30438?
8
What is the units digit of 1976?
6
What is the units digit of 1854?
4
What is the hundreds digit of 6324?
3
What is the thousands digit of 5037?
5
What is the tens digit of 725?
2
What is the tens digit of 507?
0
What is the ten thousands digit of 24397?
2
What is the hundreds digit of 10884?
8
What is the tens digit of 19108?
0
What is the tens digit of 6047?
4
What is the hundreds digit of 174811?
8
What is the units digit of 59942?
2
What is the ten thousands digit of 80325?
8
What is the units digit of 3268?
8
What is the units digit of 4181?
1
What is the units digit of 143421?
1
What is the tens digit of 6779?
7
What is the tens digit of 1919?
1
What is the units digit of 18782?
2
What is the hundreds digit of 6230?
2
What is the thousands digit of 2152?
2
What is the hundreds digit of 961?
9
What is the units digit of 4107?
7
What is the hundreds digit of 25037?
0
What is the hundreds digit of 741?
7
What is the units digit of 1514?
4
What is the units digit of 3080?
0
What is the hundreds digit of 1972?
9
What is the thousands digit of 1255?
1
What is the thousands digit of 9033?
9
What is the hundreds digit of 2852?
8
What is the thousands digit of 47244?
7
What is the units digit of 496?
6
What is the ten thousands digit of 10735?
1
What is the thousands digit of 6970?
6
What is the hundreds digit of 280?
2
What is the tens digit of 2437?
3
What is the tens digit of 39288?
8
What is the units digit of 10477?
7
What is the hundreds digit of 4838?
8
What is the tens digit of 34156?
5
What is the tens digit of 81723?
2
What is the units digit of 1048?
8
What is the hundreds digit of 757?
7
What is the thousands digit of 53672?
3
What is the tens digit of 619?
1
What is the tens digit of 36740?
4
What is the thousands digit of 3578?
3
What is the thousands digit of 73466?
3
What is the units digit of 274?
4
What is the hundreds digit of 33755?
7
What is the hundreds digit of 43102?
1
What is the ten thousands digit of 10072?
1
What is the thousands digit of 106392?
6
What is the hundreds digit of 380?
3
What is the hundreds digit of 1867?
8
What is the units digit of 12?
2
What is the tens digit of 29126?
2
What is the hundreds digit of 3195?
1
What is the tens digit of 679?
7
What is the tens digit of 913?
1
What is the hundreds digit of 10253?
2
What is the tens digit of 36702?
0
What is the tens digit of 60092?
9
What is the tens digit of 14603?
0
What is the hundreds digit of 31069?
0
What is the hundreds digit of 12797?
7
What is the hundreds digit of 2462?
4
What is the hundreds digit of 5262?
2
What is the units digit of 1723?
3
What is the hundreds digit of 552?
5
What is the units digit of 1962?
2
What is the thousands digit of 1365?
1
What is the units digit of 9575?
5
What is the hundreds digit of 2207?
2
What is the hundreds digit of 1838?
8
What is the tens digit of 279?
7
What is the hundred thousands digit of 114993?
1
What is the tens digit of 1977?
7
What is the tens digit of 159347?
4
What is the tens digit of 6362?
6
What is the tens digit of 59020?
2
What is the hundreds digit of 25615?
6
What is the units digit of 4277?
7
What is the units digit of 12767?
7
What is the thousands digit of 5633?
5
What is the ten thousands digit of 24967?
2
What is the tens digit of 3488?
8
What is the thousands digit of 3587?
3
What is the tens digit of 416?
1
What is the thousands digit of 19799?
9
What is the tens digit of 469?
6
What is the units digit of 43023?
3
What is the hundreds digit of 8200?
2
What is the tens digit of 16004?
0
What is the ten thousands digit of 10378?
1
What is the hundreds digit of 3960?
9
What is the hundreds digit of 2258?
2
What is the tens digit of 2461?
6
What is the thousands digit of 6064?
6
What is the hundreds digit of 4867?
8
What is the thousands digit of 66336?
6
What is the tens digit of 10064?
6
What is the hundreds digit of 7687?
6
What is the hundreds digit of 9985?
9
What is the thousands digit of 13461?
3
What is the thousands digit of 13186?
3
What is the tens digit of 150?
5
What is the units digit of 66201?
1
What is the hundreds digit of 231?
2
What is the units digit of 867?
7
What is the thousands digit of 163570?
3
What is the hundreds digit of 103348?
3
What is the ten thousands digit of 38111?
3
What is the units digit of 823?
3
What is the tens digit of 1048?
4
What is the hundreds digit of 19922?
9
What is the tens digit of 1872?
7
What is the tens digit of 8807?
0
What is the units digit of 1471?
1
What is the hundreds digit of 4086?
0
What is th